 6*a + k + 20 = t, -5*a - 4*k = 24. Let q(d) = -4*d - 5. What are the prime factors of q(a)?
3
Let p(s) = 23*s - 17*s - 11 - 28*s - 24*s. List the prime factors of p(-2).
3
Suppose m + 5*t - 74 = 19, m + t - 97 = 0. Let c = m + -28. List the prime factors of c.
2, 5, 7
Suppose -4*s + 7*s = 0. Suppose -3*n + s*n + 3 = 0. List the prime factors of -3 + -13*(n - 3).
23
Let u(p) = 23*p**2 + 13*p - 41. List the prime factors of u(5).
599
List the prime factors of (-2487)/2*72/(-54).
2, 829
Let w(l) = -1 + l + l**2 + 7*l + 4*l**3 - 12*l. Let p be w(-3). Let n = -54 - p. What are the prime factors of n?
2, 17
Suppose -3*u + 16 = -6*h + 2*h, -3*u - 3*h = -9. Suppose 42 + 6 = u*f. Suppose f = 2*b - 14. List the prime factors of b.
13
Suppose 983 + 3676 = 2*g + r, 3*g - 6969 = 5*r. What are the prime factors of g?
2, 3, 97
Suppose -3*j - v = -4, j + 2*v + 22 = -3*v. Suppose -x = -u + 29, -2*u + j*u = -4*x - 116. List the prime factors of 1/1*x/(-1).
29
Suppose -33*b - 11*b + 112596 = 0. List the prime factors of b.
3, 853
List the prime factors of 1/((-5)/2558)*335/(-134).
1279
Let c = 4 - 23. Let b = -10 - c. Let k = 54 - b. List the prime factors of k.
3, 5
Let d = -1 + 1. Suppose 3*a - 47 - 7 = d. List the prime factors of a.
2, 3
Suppose -6*k = -3*k + 5*i + 9, 0 = -2*k + 4*i + 16. Suppose 0 = -h + 6*h + 3*w - 110, k*h = 3*w + 44. List the prime factors of h.
2, 11
Suppose 0 = 352*f - 374*f + 83424. What are the prime factors of f?
2, 3, 79
Let h(r) = r + 2. Let o(s) = -6 + 3 - s + 2 - 2. Let p(b) = -4*h(b) - 5*o(b). List the prime factors of p(4).
11
Suppose -8 = 2*s - 600. Let x be s/10 - 18/(-45). Suppose a - 17 = x. List the prime factors of a.
47
Suppose 49186 + 35626 = 26*q. What are the prime factors of q?
2, 7, 233
Let d be (2 - 0) + (0/(-8))/(-7). Let p be (0 - 2*1)*-1. Suppose d*s = z + 3*s - 14, -p*s - 17 = -z. List the prime factors of z.
3, 5
Suppose 0 = 3*r + 2*f - 16, f + 14 = 2*r + 3*f. Suppose r*y + 3*y = -255. Let h = -36 - y. What are the prime factors of h?
3, 5
Let r be (-8)/14*70/(-20). Suppose 0 = r*c + 4*q - 150 - 100, 0 = 5*c + 4*q - 607. List the prime factors of c.
7, 17
Let b = 10 - 9. Let w(a) = -2*a. Let v be w(b). Let m = 8 + v. List the prime factors of m.
2, 3
Suppose a = -3*t - 4*a + 194, -186 = -3*t - 3*a. Suppose 2*q + 0*j = -4*j + t, -2*j + 4 = 0. List the prime factors of q.
5
Let p(i) = -i**2 + 9*i - 6. Suppose 0*h - h + 3*x + 1 = 0, -5*x - 7 = -3*h. List the prime factors of p(h).
2, 7
Let g(m) be the third derivative of -m**5/60 + 2*m**4/3 - m**3/6 - m**2. Suppose -104 = -5*s - 34. List the prime factors of g(s).
3
Let r = -1509 + 2223. What are the prime factors of r?
2, 3, 7, 17
Let v = -143 - -143. Let t(c) be the second derivative of c**3/6 + 25*c**2/2 + c. What are the prime factors of t(v)?
5
Let r(w) = -w - 5. Let x = -20 - -12. Let k be r(x). Suppose 2*g + 47 = k*g. What are the prime factors of g?
47
Suppose 0 = 2*u - 7*u - 3*x - 5, 0 = 3*u - 5*x - 31. Let f be (246/u)/(-15 - -16). Suppose -3*k = -3*a + f, -a - 2*a = k - 127. What are the prime factors of a?
2, 3, 7
Suppose -5*s = 4*q - 9330, -7*q - 5*s = -10*q + 7015. List the prime factors of q.
5, 467
Let p(d) = 9*d - 10. Let i be p(4). Suppose -2*g - i = -5*u + u, -5*u = -2*g - 31. Suppose 4 = -2*t, u*o = o - 4*t + 96. List the prime factors of o.
2, 13
Suppose -5*z + 0*n = -n - 396, 5*n = 3*z - 242. Suppose 0 = 3*t - 12, 5*t - 323 = -4*h - z. Suppose 0*p = -4*p + h. List the prime factors of p.
2, 7
Suppose -4*h = -260 - 864. What are the prime factors of h?
281
Let q(z) = 12*z**2 + 12*z - 36. What are the prime factors of q(11)?
2, 3, 43
Suppose -6 = -n - f, 2*n - 3*f - 3 = -2*f. What are the prime factors of -1 + (-1362)/(-9) + (-1)/n?
2, 3, 5
Let a = 177 + -79. Suppose -7*o + 2*p = -4*o - 65, 4*o + 3*p - a = 0. List the prime factors of (1 - (o - -2))/(-1).
2, 3
Let w(k) = -k**2. Let b(s) = s**2 + 3*s + 2. Let h(d) = -b(d) - 4*w(d). List the prime factors of h(4).
2, 17
Let z(x) = 28*x**2 - 2*x - 1. What are the prime factors of z(-1)?
29
Let k be (-27)/(-6) + (8/(-16) - 1). Let n be 1/(1/37 + 0). Suppose n + 104 = k*o. List the prime factors of o.
47
Suppose -5*g = -571 + 196. List the prime factors of g.
3, 5
Let a(y) = -2*y**2 - 12*y - 2. Let g(b) = b**2 + 11*b + 3. Let n(r) = 2*a(r) + 3*g(r). Let h be n(7). Let f = h - -5. List the prime factors of f.
2, 3
Let o(b) = -750*b + 187. What are the prime factors of o(-5)?
31, 127
Let x = -271 - -387. Let r = -32 + x. Suppose 111 + r = 5*v. What are the prime factors of v?
3, 13
Suppose -5*k - 45 = -2*d, -52 = -2*d - k - k. Suppose g - 4*i - d = 0, 6*i - 2*i + 5 = -3*g. Let w = g - -1. List the prime factors of w.
2, 3
Suppose 10*t - 12505 = -4835. What are the prime factors of t?
13, 59
Let p be (-2 - -2) + (-1 - 147). Let t be (2*p/8)/1. What are the prime factors of 4/(-8) + t/(-2)?
2, 3
Let z(b) = 6*b**2 - 6*b - 6. Let v be z(-2). What are the prime factors of (180/v)/((-3)/(-11))?
2, 11
Suppose 6*p - 546 = 534. List the prime factors of p.
2, 3, 5
Suppose 4*d + 2*t - 20 = -t, 12 = 3*t. Let n(r) = -5*r**d + 1 + 3*r - r**3 - 2 + r**2. List the prime factors of n(-6).
53
Let q = 153 - 86. Let a = q - 13. List the prime factors of a.
2, 3
What are the prime factors of -1 + (-10436)/(-5) - 210/175?
3, 5, 139
Let y(t) = 4*t - 10. Let q(i) = i**3 - 10*i**2 + 7. Suppose -3*p + 2*n = 20 - 54, p - 16 = 3*n. Let f be q(p). List the prime factors of y(f).
2, 3
Let r(h) = -h**3 + 13*h**2 - 5*h - 2. Let i be r(9). Suppose 37 - i = 6*c. Let l = -10 - c. List the prime factors of l.
2, 3, 5
List the prime factors of -46*(1037/2)/(-17).
23, 61
Suppose -60*z + 57*z + 1992 = 0. What are the prime factors of z?
2, 83
Suppose 4*f - 9*f + 2131 = 2*s, 2137 = 5*f - s. List the prime factors of f.
7, 61
Let w(l) = -l**3 - 4*l**2 - l - 1. Let b be w(-4). Suppose b*y = -167 + 482. What are the prime factors of y?
3, 5, 7
Let h be (-42)/4*16/12. Let w(p) = p + 20. Let d be w(h). Suppose 3*u = d*u - 9. List the prime factors of u.
3
Let l(m) = -m**2 - 6*m + 42. Let y be l(-10). Suppose 9*t - 6*t - 374 = -y*p, -4*p + 4 = 0. What are the prime factors of t?
2, 31
Let j = 74 - 44. Let b be (1*-1)/((-6)/j). What are the prime factors of 2 + 11 + -3 + b?
3, 5
Let n(y) = 9*y**2 - 62. List the prime factors of n(-8).
2, 257
Suppose 2*k + 4 = 0, 0 = -4*f - 4*k + 787 + 713. List the prime factors of f.
13, 29
Suppose -3*l + 6*l - 15 = 0. Let b be l/((-15)/(-18)) - 2. List the prime factors of 3/(3/b) - -5.
3
Let v(z) = z**2 + 12*z + 24. Let q(m) = 4*m**2 + 48*m + 97. Let x(h) = 2*q(h) - 9*v(h). What are the prime factors of x(-9)?
5
Suppose -19 = d - 10. Let z = d - -98. What are the prime factors of z?
89
Suppose f - 11134 = 4*v, f = v + 986 + 1796. What are the prime factors of v/(-21) - (-6)/14?
7, 19
Let t = -3 + 9. Let d(w) = 105*w**2 - 68*w + 135. Let p be d(2). Suppose 0 = t*l + 29 - p. What are the prime factors of l?
5, 13
Let b(q) = 20*q**2 + 2*q + 9. Let h(o) = -10*o**2 - o - 5. Let x(m) = 6*b(m) + 10*h(m). What are the prime factors of x(-2)?
2, 5
List the prime factors of (-2 + -8)/(26/(-2353)).
5, 181
Suppose 3*d - c = 9745, 0 = 17*c - 14*c + 12. List the prime factors of d.
17, 191
Suppose -33*p + 34*p - 3*v = 2359, 5*p - v - 11781 = 0. List the prime factors of p.
2, 19, 31
Let o(y) = 29*y**2 + 4*y + 6. List the prime factors of o(-3).
3, 5, 17
Let g = 0 + 2. Let h(t) be the first derivative of 7*t**4/4 + t**3 - 3*t**2 + 6*t + 752. List the prime factors of h(g).
2, 31
Let r be (-1620)/14 - (-22)/(-77). Let v = 190 + r. What are the prime factors of v?
2, 37
Let p(i) = -5*i - 2. Let a be p(-1). Suppose -3*c + b + 3*b = -313, a*b = -3*c + 285. What are the prime factors of c?
3, 11
Suppose 3*p = -p + 4*b + 3092, 5*b = -3*p + 2359. What are the prime factors of p?
2, 389
Let n(r) = r**2 - 7*r + 3. Let v be n(6). Let h be 9/(-3) + (4 - v). Suppose 0 = -m - 4*p + 5, -p = h*m - 0*p - 65. What are the prime factors of m?
17
What are the prime factors of (-12920)/(-57)*(2 + -1 + 2)?
2, 5, 17
Let s be -4 - (2 + 28/(-1)). Suppose 0 = -6*x + s + 62. Let f(k) = 5*k - 5. List the prime factors of f(x).
5, 13
Let p(r) = -r + 15. Let l be p(9). Suppose -5*f + 173 = -3*h, 2*h + 16 = l*h. What are the prime factors of f?
3